1
Let c(z) = 4*z**2 + 469*z - 6083. Calculate c(13).
690
Let d(t) = 2*t**2 + 85031*t - 2637875. Calculate d(31).
8
Let z(s) = -2*s**2 - 1108*s - 23398. Calculate z(-22).
10
Let w(o) = 469*o**2 + 54*o + 34. What is w(-2)?
1802
Let q(u) = -33539*u - 234774. Calculate q(-7).
-1
Let v(u) = -1875*u - 135010. Give v(-72).
-10
Let h(v) = -v**3 - 23*v**2 + 401*v + 56. What is h(-34)?
-862
Let h(q) = 273*q - 7042. What is h(24)?
-490
Let o(k) = -12*k**2 + 30*k + 23. Give o(-10).
-1477
Let v(w) = 27*w**2 - 131*w - 774. What is v(-6)?
984
Let c(x) = -975*x + 35230. Give c(39).
-2795
Let n(s) = -1476*s**2 + 385240*s - 1037. What is n(261)?
7
Let k(r) = -90*r**2 - 1070*r + 79. Calculate k(-12).
-41
Let y(z) = -z**3 + 19*z**2 + 409*z + 1054. Calculate y(-3).
25
Let m(l) = -8*l**3 + 12*l**2 + 28. Give m(6).
-1268
Let j(t) = 145*t**3 - 383*t**2 + t + 14. Give j(3).
485
Let m(s) = -6204*s - 1464147. Give m(-236).
-3
Let d(w) = 7*w**2 - 56203*w - 112410. Calculate d(-2).
24
Let a(k) = 85*k**2 - 5448*k + 11027. Give a(62).
-9
Let n(t) = t**3 - 4*t**2 - 335276*t + 1676356. Determine n(5).
1
Let g(o) = -1021*o + 69769. What is g(68)?
341
Let c(g) = 29*g**2 - 4773*g - 14324. Give c(-3).
256
Let d(n) = 3*n**3 - 456*n**2 + 1354*n + 19. Calculate d(3).
58
Let b(z) = -14*z**2 - 326*z + 4566. Give b(13).
-2038
Let d(p) = 16*p**2 + 635*p + 332. Determine d(-39).
-97
Let o(z) = -2*z**3 - 25*z**2 - 1002*z - 10639. Determine o(-11).
20
Let r(a) = 9*a**3 + 199*a**2 - 17209*a + 17009. Determine r(1).
8
Let j(v) = 8*v**2 - 2443*v - 12489. Calculate j(-5).
-74
Let m(a) = a**3 - 75*a**2 + 243*a - 7064. Calculate m(73).
17
Let k(l) = 2*l**2 + 72*l - 8292. Calculate k(-85).
38
Let m(h) = h**3 - 23*h**2 + 121*h - 262. Calculate m(10).
-352
Let d(h) = -h**2 + 4116*h - 14. What is d(0)?
-14
Let d(r) = -173*r + 6192. What is d(39)?
-555
Let d(i) = -5*i**2 - 69*i + 22. What is d(-15)?
-68
Let p(r) = -r**3 - 76*r**2 - 606*r - 210. Calculate p(-67).
-9
Let u(d) = -475140*d + 10453072. Give u(22).
-8
Let n(d) = -71*d + 10579. Determine n(164).
-1065
Let c(k) = -472*k + 118928. Give c(252).
-16
Let n(m) = 3*m**2 + 274*m - 10937. Calculate n(30).
-17
Let f(d) = 10*d**3 + 105*d**2 + 291*d - 126. Calculate f(-6).
-252
Let d(n) = n**3 + 222*n**2 - 205*n + 4007. Calculate d(-223).
-7
Let j(i) = -583*i + 38000. What is j(67)?
-1061
Let d(n) = 2619*n - 110225. Give d(42).
-227
Let k(u) = u**2 - 59257*u + 177765. Calculate k(3).
3
Let u(r) = -22650*r + 9490351. What is u(419)?
1
Let j(n) = -n**3 + 248*n**2 - 5584*n + 210. What is j(25)?
-15
Let s(t) = -3726*t - 108064. What is s(-29)?
-10
Let g(o) = 3618*o + 86767. Determine g(-24).
-65
Let k(n) = -15172*n - 971000. Calculate k(-64).
8
Let n(j) = 5*j**3 - 14*j**2 + 11*j + 15. Calculate n(6).
657
Let m(r) = -2044*r + 77785. What is m(38)?
113
Let m(x) = -36*x**3 - 396*x**2 + 934*x - 21. Determine m(-13).
5
Let n(m) = m**3 + 15*m**2 - 1266*m - 299. Give n(29).
-9
Let f(l) = 4696*l**2 - 4664*l - 31. What is f(1)?
1
Let r(y) = 759*y - 28982. Calculate r(39).
619
Let v(q) = 390*q**2 + 37041*q - 399. Calculate v(-95).
456
Let z(a) = 3*a**2 + 281*a + 2416. Determine z(-85).
206
Let z(v) = 64*v + 279. Determine z(-4).
23
Let u(i) = -i**3 - 457*i**2 + 3000*i + 102791. Calculate u(-463).
5
Let z(c) = 4*c**3 - 21*c**2 - 20*c + 3. Determine z(-1).
-2
Let f(l) = -2*l**3 + 32*l**2 - 57*l - 259. Determine f(13).
14
Let j(v) = 2*v**2 - 2222*v - 106456. Determine j(-46).
-12
Let h(t) = t**3 + 62*t**2 + 771*t + 47832. Give h(-62).
30
Let v(b) = 2*b**2 + 250*b + 7551. Calculate v(-74).
3
Let g(m) = -7*m**2 + 2423*m - 9619. Calculate g(342).
299
Let w(h) = -142*h**3 - 2855*h**2 - 403*h - 2055. What is w(-20)?
5
Let p(q) = 3*q**3 + 431*q**2 - 97*q + 8217. Calculate p(-144).
1449
Let v(g) = -g**2 - 9784*g + 68499. Determine v(7).
-38
Let k(z) = -z**3 - 44*z**2 + 1067*z + 1828. What is k(-61)?
-2
Let f(q) = -q**3 + 30*q**2 + 901*q - 22950. Determine f(21).
-60
Let f(b) = 58*b**2 + 4652*b - 31. What is f(-80)?
-991
Let o(n) = -n**2 + 1049*n + 37657. Give o(-35).
-283
Let c(g) = 1243*g + 458715. Determine c(-369).
48
Let r(i) = -5*i**2 - 41*i - 263. What is r(22)?
-3585
Let y(c) = -3*c**3 + 13*c**2 + 10228*c - 51090. What is y(5)?
0
Let k(c) = -c**3 + 16*c**2 - 46*c + 159. Calculate k(7).
278
Let h(x) = x**2 + 256*x + 15319. Calculate h(-122).
-1029
Let u(g) = -189*g**3 + 7*g**2 - 95*g + 174. What is u(2)?
-1500
Let u(t) = -3295620*t + 23069339. What is u(7)?
-1
Let x(t) = -1030274*t - 3090835. Give x(-3).
-13
Let f(l) = 356*l + 3228. Determine f(-4).
1804
Let p(i) = 11*i**3 + 154*i**2 - 795*i + 5. Give p(4).
-7
Let k(s) = 101854*s - 407429. Give k(4).
-13
Let w(a) = -a**3 - 399*a**2 - 851*a - 22637. Calculate w(-397).
-8
Let j(t) = 41415*t - 291048. Calculate j(7).
-1143
Let d(t) = -35*t**3 + 1400*t**2 + 27*t - 1073. Give d(40).
7
Let i(v) = -304*v - 7453. Calculate i(-24).
-157
Let t(o) = 6*o**3 - 845*o**2 - 215*o + 10314. Give t(141).
-120
Let v(c) = -17*c**3 + 1106*c**2 - 71*c + 269. Determine v(65).
-121
Let z(o) = o**2 - 271*o - 80678. What is z(-179)?
-128
Let o(x) = 4033*x**3 - 10*x**2 - 70*x - 61. What is o(-1)?
-4034
Let k(u) = 56*u**3 - 17248*u**2 + u - 296. Give k(308).
12
Let w(p) = -p**2 + 20993*p - 2877984. Give w(138).
6
Let f(j) = j**2 - 105016*j + 6716923. Give f(64).
-5
Let m(a) = a**3 - 7*a**2 + 16621*a - 166511. Calculate m(10).
-1
Let z(h) = h**2 + 5134*h + 183528. Give z(-36).
0
Let y(n) = -84326*n + 2192492. What is y(26)?
16
Let l(j) = -2*j**3 - 17*j**2 + 1975*j + 25607. Calculate l(-13).
1453
Let q(s) = s**3 - 121*s**2 - 2679*s - 8720. Determine q(-4).
-4
Let p(z) = 1944*z**2 + 38892*z + 197. Calculate p(-20).
-43
Let x(p) = -p**3 + 279*p**2 + 3462*p - 371. Calculate x(-12).
-11
Let d(s) = -55*s**2 - 1567*s - 2120. Give d(-27).
94
Let w(i) = i**3 - 185*i**2 + 545*i + 1111. Give w(182).
929
Let z(j) = 1648*j + 42848. Calculate z(-26).
0
Let h(s) = -s**2 + 3315*s + 123218. What is h(-37)?
-806
Let o(u) = 360296*u + 1441184. What is o(-4)?
0
Let j(y) = -2*y**2 + 10422*y - 851237. What is j(83)?
11
Let z(p) = 16*p**2 + 4548*p - 8025. Calculate z(-286).
-17
Let j(f) = -15478*f + 3. Give j(0).
3
Let k(o) = 323*o + 12293. Determine k(-30).
2603
Let m(t) = -8*t**2 + 189*t - 719. Calculate m(18).
91
Let i(c) = c**3 + 168*c**2 + 4853*c + 3610. Give i(-36).
-26
Let z(h) = -320935*h - 12195534. Calculate z(-38).
-4
Let q(l) = 27*l**3 - 666*l**2 - 1721*l + 540. What is q(27)?
0
Let i(v) = v**3 - 78*v**2 - 259*v + 1286. What is i(81)?
-10
Let v(r) = 53*r**2 + 1763*r - 1763. Calculate v(1).
53
Let j(p) = -20*p**2 + 4*p + 7. Calculate j(2).
-65
Let k(t) = 1511*t - 284070. What is k(188)?
-2
Let v(m) = 3015*m - 352915. Determine v(117).
-160
Let b(n) = n**3 - 35*n**2 - 5345*n - 10543. Give b(-2).
-1
Let z(g) = 979672*g - 1959341. Calculate z(2).
3
Let v(t) = -3*t**2 - 8942*t - 160029. Give v(-18).
-45
Let l(u) = -67*u - 736. Determine l(-8).
-200
Let d(g) = 4*g**2 + 308*g - 16864. Give d(37).
8
Let d(f) = f**3 + 45*f**2 + 124*f + 1512. Calculate d(-43).
-122
Let b(o) = o**3 + 27*o**2 - 24*o + 288. Calculate b(-28).
176
Let u(t) = 8*t**2 + 434*t - 512. What is u(-55)?
-182
Let d(a) = 2*a**3 - 10*a**2 + 454*a - 2279. Calculate d(5).
-9
Let x(r) = 69*r**2 + 2172*r - 7138. Determine x(3).
-1
Let h(i) = i**3 - 20*i**2 - 53*i - 255. Give h(23).
113
Let a(p) = -2*p**3 - 13*p**2 + 106*p - 103. Give a(-17).
4164
Let h(x) = -133*x + 4903. What is h(43)?
-816
Let p(r) = -15337*r - 337337. Calculate p(-22).
77
Let d(v) = 32*v**2 - 276*v - 443. Calculate d(10).
-3
Let i(v) = -1224*v**2 + 20806*v + 36. Calculate i(17).
2
Let p(h) = 10*h**2 - 13*h - 26369. Determine p(52).
-5
Let x(s) = 417637*s + 12529109. Give x(-30).
-1
Let h(v) = 57*v + 4173. Give h(-80).
-387
Let c(f) = 2888*f + 246. Calculate c(-1).
-2642
Let u(o) = -10*o**2 - 358*o - 2186. Determine u(-28).
-2
Let z(a) = 1321*a**2 - 170404*a - 654. Determine z(129).
-9
Let l(v) = v**2 + 365*v + 28187. Determine l(-254).
-7
Let q(v) = 7*v**2 + 11*v - 5. Give q(-8).
355
Let j(o) = 163*o + 4132. Give j(-39).
-2225
Let g(u) = 6*u + 509. What is g(-71)?
83
Let r(z) = -1059*z - 39205. Give r(-37).
-22
Let b(y) = -14*y**3 - 1585*y**2 - 30883*y - 213. Determine b(-25).
-13
Let m(i) = i**3 + 83222*i**2 - 166439*i - 7. Calcul